{"id":5812,"date":"2020-08-25T20:06:42","date_gmt":"2020-08-25T18:06:42","guid":{"rendered":"http:\/\/la-motte-tilly.lobs.pro\/wordpress\/?page_id=5812"},"modified":"2022-12-06T21:05:38","modified_gmt":"2022-12-06T20:05:38","slug":"ordures-menageres","status":"publish","type":"page","link":"https:\/\/www.lamottetilly.fr\/wordpress\/index.php\/ordures-menageres\/","title":{"rendered":"Ordures m\u00e9nag\u00e8res et tri s\u00e9lectif"},"content":{"rendered":"\t\t<div data-elementor-type=\"wp-page\" data-elementor-id=\"5812\" class=\"elementor elementor-5812\" data-elementor-settings=\"[]\">\n\t\t\t\t\t\t<div class=\"elementor-inner\">\n\t\t\t\t\t\t\t<div class=\"elementor-section-wrap\">\n\t\t\t\t\t\t\t<section class=\"elementor-section elementor-top-section elementor-element elementor-element-c974feb elementor-section-boxed elementor-section-height-default elementor-section-height-default\" data-id=\"c974feb\" data-element_type=\"section\">\n\t\t\t\t\t\t<div class=\"elementor-container elementor-column-gap-default\">\n\t\t\t\t\t\t\t<div class=\"elementor-row\">\n\t\t\t\t\t<div class=\"elementor-column elementor-col-100 elementor-top-column elementor-element elementor-element-beb0b0a\" data-id=\"beb0b0a\" data-element_type=\"column\">\n\t\t\t<div class=\"elementor-column-wrap elementor-element-populated\">\n\t\t\t\t\t\t\t<div class=\"elementor-widget-wrap\">\n\t\t\t\t\t\t<div class=\"elementor-element elementor-element-fdd9b18 elementor-widget elementor-widget-spacer\" data-id=\"fdd9b18\" data-element_type=\"widget\" data-widget_type=\"spacer.default\">\n\t\t\t\t<div class=\"elementor-widget-container\">\n\t\t\t\t\t<div class=\"elementor-spacer\">\n\t\t\t<div class=\"elementor-spacer-inner\"><\/div>\n\t\t<\/div>\n\t\t\t\t<\/div>\n\t\t\t\t<\/div>\n\t\t\t\t<div class=\"elementor-element elementor-element-12b5884 animated-slow elementor-invisible elementor-widget elementor-widget-heading\" data-id=\"12b5884\" data-element_type=\"widget\" data-settings=\"{&quot;_animation&quot;:&quot;fadeInDown&quot;}\" data-widget_type=\"heading.default\">\n\t\t\t\t<div class=\"elementor-widget-container\">\n\t\t\t<h2 class=\"elementor-heading-title elementor-size-default\">D\u00e9chets m\u00e9nagers et tri s\u00e9lectif<\/h2>\t\t<\/div>\n\t\t\t\t<\/div>\n\t\t\t\t<section class=\"elementor-section elementor-inner-section elementor-element elementor-element-08c3ffe elementor-section-boxed elementor-section-height-default elementor-section-height-default\" data-id=\"08c3ffe\" data-element_type=\"section\">\n\t\t\t\t\t\t<div class=\"elementor-container elementor-column-gap-default\">\n\t\t\t\t\t\t\t<div class=\"elementor-row\">\n\t\t\t\t\t<div class=\"elementor-column elementor-col-33 elementor-inner-column elementor-element elementor-element-06c646f\" data-id=\"06c646f\" data-element_type=\"column\">\n\t\t\t<div class=\"elementor-column-wrap elementor-element-populated\">\n\t\t\t\t\t\t\t<div class=\"elementor-widget-wrap\">\n\t\t\t\t\t\t<div class=\"elementor-element elementor-element-9ba7991 elementor-widget elementor-widget-image-gallery\" data-id=\"9ba7991\" data-element_type=\"widget\" data-widget_type=\"image-gallery.default\">\n\t\t\t\t<div class=\"elementor-widget-container\">\n\t\t\t\t\t<div class=\"elementor-image-gallery\">\n\t\t\t\n\t\t<style type=\"text\/css\">\n\t\t\t#gallery-1 {\n\t\t\t\tmargin: auto;\n\t\t\t}\n\t\t\t#gallery-1 .gallery-item {\n\t\t\t\tfloat: left;\n\t\t\t\tmargin-top: 10px;\n\t\t\t\ttext-align: center;\n\t\t\t\twidth: 50%;\n\t\t\t}\n\t\t\t#gallery-1 img {\n\t\t\t\tborder: 2px solid #cfcfcf;\n\t\t\t}\n\t\t\t#gallery-1 .gallery-caption {\n\t\t\t\tmargin-left: 0;\n\t\t\t}\n\t\t\t\/* see gallery_shortcode() in wp-includes\/media.php *\/\n\t\t<\/style>\n\t\t<div id='gallery-1' class='gallery galleryid-5812 gallery-columns-2 gallery-size-medium'><dl class='gallery-item'>\n\t\t\t<dt class='gallery-icon portrait'>\n\t\t\t\t<img width=\"213\" height=\"300\" src=\"https:\/\/www.lamottetilly.fr\/wordpress\/wp-content\/uploads\/2022\/12\/Calendrier2023-couv-213x300.png\" class=\"attachment-medium size-medium\" alt=\"\" loading=\"lazy\" aria-describedby=\"gallery-1-11930\" srcset=\"https:\/\/www.lamottetilly.fr\/wordpress\/wp-content\/uploads\/2022\/12\/Calendrier2023-couv-213x300.png 213w, https:\/\/www.lamottetilly.fr\/wordpress\/wp-content\/uploads\/2022\/12\/Calendrier2023-couv.png 681w\" sizes=\"(max-width: 213px) 100vw, 213px\" \/>\n\t\t\t<\/dt>\n\t\t\t\t<dd class='wp-caption-text gallery-caption' id='gallery-1-11930'>\n\t\t\t\tCalendrier 2022 -couv.\n\t\t\t\t<\/dd><\/dl><dl class='gallery-item'>\n\t\t\t<dt class='gallery-icon portrait'>\n\t\t\t\t<img width=\"212\" height=\"300\" src=\"https:\/\/www.lamottetilly.fr\/wordpress\/wp-content\/uploads\/2022\/01\/Calendrier-2022-1-1-212x300.gif\" class=\"attachment-medium size-medium\" alt=\"\" loading=\"lazy\" aria-describedby=\"gallery-1-10261\" srcset=\"https:\/\/www.lamottetilly.fr\/wordpress\/wp-content\/uploads\/2022\/01\/Calendrier-2022-1-1-212x300.gif 212w, https:\/\/www.lamottetilly.fr\/wordpress\/wp-content\/uploads\/2022\/01\/Calendrier-2022-1-1-724x1024.gif 724w, https:\/\/www.lamottetilly.fr\/wordpress\/wp-content\/uploads\/2022\/01\/Calendrier-2022-1-1-768x1086.gif 768w\" sizes=\"(max-width: 212px) 100vw, 212px\" \/>\n\t\t\t<\/dt>\n\t\t\t\t<dd class='wp-caption-text gallery-caption' id='gallery-1-10261'>\n\t\t\t\tCalendrier 2022 &#8211; 1\n\t\t\t\t<\/dd><\/dl><br style=\"clear: both\" \/>\n\t\t<\/div>\n\t\t<\/div>\n\t\t\t\t<\/div>\n\t\t\t\t<\/div>\n\t\t\t\t\t\t<\/div>\n\t\t\t\t\t<\/div>\n\t\t<\/div>\n\t\t\t\t<div class=\"elementor-column elementor-col-33 elementor-inner-column elementor-element elementor-element-4b8f3a0\" data-id=\"4b8f3a0\" data-element_type=\"column\">\n\t\t\t<div class=\"elementor-column-wrap\">\n\t\t\t\t\t\t\t<div class=\"elementor-widget-wrap\">\n\t\t\t\t\t\t\t\t<\/div>\n\t\t\t\t\t<\/div>\n\t\t<\/div>\n\t\t\t\t<div class=\"elementor-column elementor-col-33 elementor-inner-column elementor-element elementor-element-edf89b7\" data-id=\"edf89b7\" data-element_type=\"column\">\n\t\t\t<div class=\"elementor-column-wrap elementor-element-populated\">\n\t\t\t\t\t\t\t<div class=\"elementor-widget-wrap\">\n\t\t\t\t\t\t<div class=\"elementor-element elementor-element-d320190 elementor-widget elementor-widget-text-editor\" data-id=\"d320190\" data-element_type=\"widget\" data-widget_type=\"text-editor.default\">\n\t\t\t\t<div class=\"elementor-widget-container\">\n\t\t\t\t\t\t\t\t<div class=\"elementor-text-editor elementor-clearfix\">\n\t\t\t\t<p><strong>Ramassage des d\u00e9chets m\u00e9nagers :<\/strong> <br \/><span style=\"color: #333333;\">Passage le <strong>vendredi matin, <\/strong>tr\u00e8s t\u00f4t, voire dans la nuit du jeudi \u00e0 vendredi. Il est donc conseill\u00e9 de sortir les poubelles le jeudi soir.<\/span><br \/><strong>Ramassage du tri s\u00e9lectif : <br \/><\/strong><span style=\"color: #333333;\">passage le <strong>lundi matin<\/strong>, <\/span><span style=\"color: #333333;\">une semaine sur 2<\/span><strong><\/strong><\/p>\t\t\t\t\t<\/div>\n\t\t\t\t\t\t<\/div>\n\t\t\t\t<\/div>\n\t\t\t\t\t\t<\/div>\n\t\t\t\t\t<\/div>\n\t\t<\/div>\n\t\t\t\t\t\t\t\t<\/div>\n\t\t\t\t\t<\/div>\n\t\t<\/section>\n\t\t\t\t\t\t<\/div>\n\t\t\t\t\t<\/div>\n\t\t<\/div>\n\t\t\t\t\t\t\t\t<\/div>\n\t\t\t\t\t<\/div>\n\t\t<\/section>\n\t\t\t\t<section class=\"elementor-section elementor-top-section elementor-element elementor-element-0615c57 elementor-section-boxed elementor-section-height-default elementor-section-height-default\" data-id=\"0615c57\" data-element_type=\"section\">\n\t\t\t\t\t\t<div class=\"elementor-container elementor-column-gap-default\">\n\t\t\t\t\t\t\t<div class=\"elementor-row\">\n\t\t\t\t\t<div class=\"elementor-column elementor-col-100 elementor-top-column elementor-element elementor-element-bb9b5be\" data-id=\"bb9b5be\" data-element_type=\"column\">\n\t\t\t<div class=\"elementor-column-wrap elementor-element-populated\">\n\t\t\t\t\t\t\t<div class=\"elementor-widget-wrap\">\n\t\t\t\t\t\t<div class=\"elementor-element elementor-element-1e8c751 elementor-widget elementor-widget-image-gallery\" data-id=\"1e8c751\" data-element_type=\"widget\" data-widget_type=\"image-gallery.default\">\n\t\t\t\t<div class=\"elementor-widget-container\">\n\t\t\t\t\t<div class=\"elementor-image-gallery\">\n\t\t\t\n\t\t<style type=\"text\/css\">\n\t\t\t#gallery-2 {\n\t\t\t\tmargin: auto;\n\t\t\t}\n\t\t\t#gallery-2 .gallery-item {\n\t\t\t\tfloat: left;\n\t\t\t\tmargin-top: 10px;\n\t\t\t\ttext-align: center;\n\t\t\t\twidth: 25%;\n\t\t\t}\n\t\t\t#gallery-2 img {\n\t\t\t\tborder: 2px solid #cfcfcf;\n\t\t\t}\n\t\t\t#gallery-2 .gallery-caption {\n\t\t\t\tmargin-left: 0;\n\t\t\t}\n\t\t\t\/* see gallery_shortcode() in wp-includes\/media.php *\/\n\t\t<\/style>\n\t\t<div id='gallery-2' class='gallery galleryid-5812 gallery-columns-4 gallery-size-thumbnail'><dl class='gallery-item'>\n\t\t\t<dt class='gallery-icon landscape'>\n\t\t\t\t<a data-elementor-open-lightbox=\"yes\" data-elementor-lightbox-slideshow=\"1e8c751\" data-elementor-lightbox-title=\"Calendrier2023004\" href='https:\/\/www.lamottetilly.fr\/wordpress\/wp-content\/uploads\/2022\/12\/Calendrier2023004.png'><img width=\"150\" height=\"150\" src=\"https:\/\/www.lamottetilly.fr\/wordpress\/wp-content\/uploads\/2022\/12\/Calendrier2023004-150x150.png\" class=\"attachment-thumbnail size-thumbnail\" alt=\"\" loading=\"lazy\" aria-describedby=\"gallery-2-11928\" \/><\/a>\n\t\t\t<\/dt>\n\t\t\t\t<dd class='wp-caption-text gallery-caption' id='gallery-2-11928'>\n\t\t\t\tCalendrier 2023 &#8211; janvier \u00e0 Juin\n\t\t\t\t<\/dd><\/dl><dl class='gallery-item'>\n\t\t\t<dt class='gallery-icon landscape'>\n\t\t\t\t<a data-elementor-open-lightbox=\"yes\" data-elementor-lightbox-slideshow=\"1e8c751\" data-elementor-lightbox-title=\"Calendrier2023-1\" href='https:\/\/www.lamottetilly.fr\/wordpress\/wp-content\/uploads\/2022\/12\/Calendrier2023-1.png'><img width=\"150\" height=\"150\" src=\"https:\/\/www.lamottetilly.fr\/wordpress\/wp-content\/uploads\/2022\/12\/Calendrier2023-1-150x150.png\" class=\"attachment-thumbnail size-thumbnail\" alt=\"\" loading=\"lazy\" aria-describedby=\"gallery-2-11927\" \/><\/a>\n\t\t\t<\/dt>\n\t\t\t\t<dd class='wp-caption-text gallery-caption' id='gallery-2-11927'>\n\t\t\t\tCalendrier 2023 &#8211; juillet \u00e0 d\u00e9cembre\n\t\t\t\t<\/dd><\/dl><dl class='gallery-item'>\n\t\t\t<dt class='gallery-icon portrait'>\n\t\t\t\t<a data-elementor-open-lightbox=\"yes\" data-elementor-lightbox-slideshow=\"1e8c751\" data-elementor-lightbox-title=\"AFFICHE RU PUBLIQUE\" href='https:\/\/www.lamottetilly.fr\/wordpress\/wp-content\/uploads\/2022\/11\/AFFICHE-RU-PUBLIQUE.jpeg'><img width=\"150\" height=\"150\" src=\"https:\/\/www.lamottetilly.fr\/wordpress\/wp-content\/uploads\/2022\/11\/AFFICHE-RU-PUBLIQUE-150x150.jpeg\" class=\"attachment-thumbnail size-thumbnail\" alt=\"\" loading=\"lazy\" aria-describedby=\"gallery-2-11830\" \/><\/a>\n\t\t\t<\/dt>\n\t\t\t\t<dd class='wp-caption-text gallery-caption' id='gallery-2-11830'>\n\t\t\t\t2023 &#8211; Tri s\u00e9lectif &#8211; 1\n\t\t\t\t<\/dd><\/dl><dl class='gallery-item'>\n\t\t\t<dt class='gallery-icon portrait'>\n\t\t\t\t<a data-elementor-open-lightbox=\"yes\" data-elementor-lightbox-slideshow=\"1e8c751\" data-elementor-lightbox-title=\"GuidePratiqueDuTri2003-2\" href='https:\/\/www.lamottetilly.fr\/wordpress\/wp-content\/uploads\/2022\/12\/GuidePratiqueDuTri2003-2.png'><img width=\"150\" height=\"150\" src=\"https:\/\/www.lamottetilly.fr\/wordpress\/wp-content\/uploads\/2022\/12\/GuidePratiqueDuTri2003-2-150x150.png\" class=\"attachment-thumbnail size-thumbnail\" alt=\"\" loading=\"lazy\" aria-describedby=\"gallery-2-11941\" \/><\/a>\n\t\t\t<\/dt>\n\t\t\t\t<dd class='wp-caption-text gallery-caption' id='gallery-2-11941'>\n\t\t\t\t2023 &#8211; Tri s\u00e9lectif &#8211; 2\n\t\t\t\t<\/dd><\/dl><br style=\"clear: both\" \/><dl class='gallery-item'>\n\t\t\t<dt class='gallery-icon portrait'>\n\t\t\t\t<a data-elementor-open-lightbox=\"yes\" data-elementor-lightbox-slideshow=\"1e8c751\" data-elementor-lightbox-title=\"Calendrier-2022-1\" href='https:\/\/www.lamottetilly.fr\/wordpress\/wp-content\/uploads\/2022\/01\/Calendrier-2022-1-1.gif'><img width=\"150\" height=\"150\" src=\"https:\/\/www.lamottetilly.fr\/wordpress\/wp-content\/uploads\/2022\/01\/Calendrier-2022-1-1-150x150.gif\" class=\"attachment-thumbnail size-thumbnail\" alt=\"\" loading=\"lazy\" aria-describedby=\"gallery-2-10261\" \/><\/a>\n\t\t\t<\/dt>\n\t\t\t\t<dd class='wp-caption-text gallery-caption' id='gallery-2-10261'>\n\t\t\t\tCalendrier 2022 &#8211; 1\n\t\t\t\t<\/dd><\/dl><dl class='gallery-item'>\n\t\t\t<dt class='gallery-icon portrait'>\n\t\t\t\t<a data-elementor-open-lightbox=\"yes\" data-elementor-lightbox-slideshow=\"1e8c751\" data-elementor-lightbox-title=\"Calendrier-2022-2\" href='https:\/\/www.lamottetilly.fr\/wordpress\/wp-content\/uploads\/2022\/01\/Calendrier-2022-2.gif'><img width=\"150\" height=\"150\" src=\"https:\/\/www.lamottetilly.fr\/wordpress\/wp-content\/uploads\/2022\/01\/Calendrier-2022-2-150x150.gif\" class=\"attachment-thumbnail size-thumbnail\" alt=\"\" loading=\"lazy\" aria-describedby=\"gallery-2-10262\" \/><\/a>\n\t\t\t<\/dt>\n\t\t\t\t<dd class='wp-caption-text gallery-caption' id='gallery-2-10262'>\n\t\t\t\tCalendrier 2022 &#8211; \n\t\t\t\t<\/dd><\/dl><dl class='gallery-item'>\n\t\t\t<dt class='gallery-icon portrait'>\n\t\t\t\t<a data-elementor-open-lightbox=\"yes\" data-elementor-lightbox-slideshow=\"1e8c751\" data-elementor-lightbox-title=\"Calendrier-2022-3\" href='https:\/\/www.lamottetilly.fr\/wordpress\/wp-content\/uploads\/2022\/01\/Calendrier-2022-3.gif'><img width=\"150\" height=\"150\" src=\"https:\/\/www.lamottetilly.fr\/wordpress\/wp-content\/uploads\/2022\/01\/Calendrier-2022-3-150x150.gif\" class=\"attachment-thumbnail size-thumbnail\" alt=\"\" loading=\"lazy\" aria-describedby=\"gallery-2-10263\" \/><\/a>\n\t\t\t<\/dt>\n\t\t\t\t<dd class='wp-caption-text gallery-caption' id='gallery-2-10263'>\n\t\t\t\tCalendrier 2022 &#8211; 3\n\t\t\t\t<\/dd><\/dl><dl class='gallery-item'>\n\t\t\t<dt class='gallery-icon portrait'>\n\t\t\t\t<a data-elementor-open-lightbox=\"yes\" data-elementor-lightbox-slideshow=\"1e8c751\" data-elementor-lightbox-title=\"Calendrier-2022-4\" href='https:\/\/www.lamottetilly.fr\/wordpress\/wp-content\/uploads\/2022\/01\/Calendrier-2022-4.gif'><img width=\"150\" height=\"150\" src=\"https:\/\/www.lamottetilly.fr\/wordpress\/wp-content\/uploads\/2022\/01\/Calendrier-2022-4-150x150.gif\" class=\"attachment-thumbnail size-thumbnail\" alt=\"\" loading=\"lazy\" aria-describedby=\"gallery-2-10264\" \/><\/a>\n\t\t\t<\/dt>\n\t\t\t\t<dd class='wp-caption-text gallery-caption' id='gallery-2-10264'>\n\t\t\t\tCalendrier 2022 &#8211; 4\n\t\t\t\t<\/dd><\/dl><br style=\"clear: both\" \/>\n\t\t<\/div>\n\t\t<\/div>\n\t\t\t\t<\/div>\n\t\t\t\t<\/div>\n\t\t\t\t<div class=\"elementor-element elementor-element-70b57f1 elementor-widget elementor-widget-spacer\" data-id=\"70b57f1\" data-element_type=\"widget\" data-widget_type=\"spacer.default\">\n\t\t\t\t<div class=\"elementor-widget-container\">\n\t\t\t\t\t<div class=\"elementor-spacer\">\n\t\t\t<div class=\"elementor-spacer-inner\"><\/div>\n\t\t<\/div>\n\t\t\t\t<\/div>\n\t\t\t\t<\/div>\n\t\t\t\t\t\t<\/div>\n\t\t\t\t\t<\/div>\n\t\t<\/div>\n\t\t\t\t\t\t\t\t<\/div>\n\t\t\t\t\t<\/div>\n\t\t<\/section>\n\t\t\t\t\t\t<\/div>\n\t\t\t\t\t\t<\/div>\n\t\t\t\t\t<\/div>\n\t\t","protected":false},"excerpt":{"rendered":"<p>D\u00e9chets m\u00e9nagers et tri s\u00e9lectif Calendrier 2022 -couv. Calendrier 2022 &#8211; 1 Ramassage des d\u00e9chets m\u00e9nagers : Passage le vendredi matin, tr\u00e8s t\u00f4t, voire dans la nuit du jeudi \u00e0 vendredi. Il est donc conseill\u00e9 de sortir les poubelles le jeudi soir.Ramassage du tri s\u00e9lectif : passage le lundi matin, [&hellip;]<\/p>\n","protected":false},"author":3,"featured_media":5751,"parent":0,"menu_order":0,"comment_status":"closed","ping_status":"closed","template":"page-templates\/template-fullwidth.php","meta":[],"_links":{"self":[{"href":"https:\/\/www.lamottetilly.fr\/wordpress\/index.php\/wp-json\/wp\/v2\/pages\/5812"}],"collection":[{"href":"https:\/\/www.lamottetilly.fr\/wordpress\/index.php\/wp-json\/wp\/v2\/pages"}],"about":[{"href":"https:\/\/www.lamottetilly.fr\/wordpress\/index.php\/wp-json\/wp\/v2\/types\/page"}],"author":[{"embeddable":true,"href":"https:\/\/www.lamottetilly.fr\/wordpress\/index.php\/wp-json\/wp\/v2\/users\/3"}],"replies":[{"embeddable":true,"href":"https:\/\/www.lamottetilly.fr\/wordpress\/index.php\/wp-json\/wp\/v2\/comments?post=5812"}],"version-history":[{"count":94,"href":"https:\/\/www.lamottetilly.fr\/wordpress\/index.php\/wp-json\/wp\/v2\/pages\/5812\/revisions"}],"predecessor-version":[{"id":12014,"href":"https:\/\/www.lamottetilly.fr\/wordpress\/index.php\/wp-json\/wp\/v2\/pages\/5812\/revisions\/12014"}],"wp:featuredmedia":[{"embeddable":true,"href":"https:\/\/www.lamottetilly.fr\/wordpress\/index.php\/wp-json\/wp\/v2\/media\/5751"}],"wp:attachment":[{"href":"https:\/\/www.lamottetilly.fr\/wordpress\/index.php\/wp-json\/wp\/v2\/media?parent=5812"}],"curies":[{"name":"wp","href":"https:\/\/api.w.org\/{rel}","templated":true}]}}