{"id":4357,"date":"2020-06-09T19:03:10","date_gmt":"2020-06-09T17:03:10","guid":{"rendered":"http:\/\/la-motte-tilly.lobs.pro\/wordpress\/?page_id=4357"},"modified":"2022-05-01T11:08:47","modified_gmt":"2022-05-01T09:08:47","slug":"etat-civil","status":"publish","type":"page","link":"https:\/\/www.lamottetilly.fr\/wordpress\/index.php\/etat-civil\/","title":{"rendered":"\u00c9tat civil"},"content":{"rendered":"\t\t<div data-elementor-type=\"wp-page\" data-elementor-id=\"4357\" class=\"elementor elementor-4357\" data-elementor-settings=\"[]\">\n\t\t\t\t\t\t<div class=\"elementor-inner\">\n\t\t\t\t\t\t\t<div class=\"elementor-section-wrap\">\n\t\t\t\t\t\t\t<section class=\"elementor-section elementor-top-section elementor-element elementor-element-c5278bb elementor-section-boxed elementor-section-height-default elementor-section-height-default\" data-id=\"c5278bb\" data-element_type=\"section\">\n\t\t\t\t\t\t<div class=\"elementor-container elementor-column-gap-default\">\n\t\t\t\t\t\t\t<div class=\"elementor-row\">\n\t\t\t\t\t<div class=\"elementor-column elementor-col-100 elementor-top-column elementor-element elementor-element-3f20d8e\" data-id=\"3f20d8e\" data-element_type=\"column\">\n\t\t\t<div class=\"elementor-column-wrap elementor-element-populated\">\n\t\t\t\t\t\t\t<div class=\"elementor-widget-wrap\">\n\t\t\t\t\t\t<div class=\"elementor-element elementor-element-bb20310 elementor-widget elementor-widget-spacer\" data-id=\"bb20310\" data-element_type=\"widget\" data-widget_type=\"spacer.default\">\n\t\t\t\t<div class=\"elementor-widget-container\">\n\t\t\t\t\t<div class=\"elementor-spacer\">\n\t\t\t<div class=\"elementor-spacer-inner\"><\/div>\n\t\t<\/div>\n\t\t\t\t<\/div>\n\t\t\t\t<\/div>\n\t\t\t\t<div class=\"elementor-element elementor-element-1af1aa8 elementor-invisible elementor-widget elementor-widget-heading\" data-id=\"1af1aa8\" data-element_type=\"widget\" data-settings=\"{&quot;_animation&quot;:&quot;fadeInDown&quot;}\" data-widget_type=\"heading.default\">\n\t\t\t\t<div class=\"elementor-widget-container\">\n\t\t\t<h2 class=\"elementor-heading-title elementor-size-default\">\u00c9tat civil<\/h2>\t\t<\/div>\n\t\t\t\t<\/div>\n\t\t\t\t\t\t<\/div>\n\t\t\t\t\t<\/div>\n\t\t<\/div>\n\t\t\t\t\t\t\t\t<\/div>\n\t\t\t\t\t<\/div>\n\t\t<\/section>\n\t\t\t\t<section class=\"elementor-section elementor-top-section elementor-element elementor-element-236e060d elementor-section-boxed elementor-section-height-default elementor-section-height-default\" data-id=\"236e060d\" data-element_type=\"section\">\n\t\t\t\t\t\t<div class=\"elementor-container elementor-column-gap-default\">\n\t\t\t\t\t\t\t<div class=\"elementor-row\">\n\t\t\t\t\t<div class=\"elementor-column elementor-col-100 elementor-top-column elementor-element elementor-element-662ba520\" data-id=\"662ba520\" data-element_type=\"column\">\n\t\t\t<div class=\"elementor-column-wrap elementor-element-populated\">\n\t\t\t\t\t\t\t<div class=\"elementor-widget-wrap\">\n\t\t\t\t\t\t<section class=\"elementor-section elementor-inner-section elementor-element elementor-element-d708916 elementor-section-boxed elementor-section-height-default elementor-section-height-default\" data-id=\"d708916\" data-element_type=\"section\">\n\t\t\t\t\t\t<div class=\"elementor-container elementor-column-gap-default\">\n\t\t\t\t\t\t\t<div class=\"elementor-row\">\n\t\t\t\t\t<div class=\"elementor-column elementor-col-33 elementor-inner-column elementor-element elementor-element-a7cbe03\" data-id=\"a7cbe03\" data-element_type=\"column\">\n\t\t\t<div class=\"elementor-column-wrap elementor-element-populated\">\n\t\t\t\t\t\t\t<div class=\"elementor-widget-wrap\">\n\t\t\t\t\t\t<div class=\"elementor-element elementor-element-2a8efb7 elementor-widget elementor-widget-image\" data-id=\"2a8efb7\" data-element_type=\"widget\" data-widget_type=\"image.default\">\n\t\t\t\t<div class=\"elementor-widget-container\">\n\t\t\t\t\t\t\t\t<div class=\"elementor-image\">\n\t\t\t\t\t\t\t\t\t\t\t\t<img width=\"1000\" height=\"667\" src=\"https:\/\/www.lamottetilly.fr\/wordpress\/wp-content\/uploads\/2020\/12\/Web-LMT-EtatCivil-DSC02071.jpg\" class=\"attachment-2048x2048 size-2048x2048\" alt=\"\" loading=\"lazy\" srcset=\"https:\/\/www.lamottetilly.fr\/wordpress\/wp-content\/uploads\/2020\/12\/Web-LMT-EtatCivil-DSC02071.jpg 1000w, https:\/\/www.lamottetilly.fr\/wordpress\/wp-content\/uploads\/2020\/12\/Web-LMT-EtatCivil-DSC02071-300x200.jpg 300w, https:\/\/www.lamottetilly.fr\/wordpress\/wp-content\/uploads\/2020\/12\/Web-LMT-EtatCivil-DSC02071-768x512.jpg 768w, https:\/\/www.lamottetilly.fr\/wordpress\/wp-content\/uploads\/2020\/12\/Web-LMT-EtatCivil-DSC02071-360x240.jpg 360w\" sizes=\"(max-width: 1000px) 100vw, 1000px\" \/>\t\t\t\t\t\t\t\t\t\t\t\t\t\t<\/div>\n\t\t\t\t\t\t<\/div>\n\t\t\t\t<\/div>\n\t\t\t\t\t\t<\/div>\n\t\t\t\t\t<\/div>\n\t\t<\/div>\n\t\t\t\t<div class=\"elementor-column elementor-col-33 elementor-inner-column elementor-element elementor-element-61d0394\" data-id=\"61d0394\" data-element_type=\"column\">\n\t\t\t<div class=\"elementor-column-wrap\">\n\t\t\t\t\t\t\t<div class=\"elementor-widget-wrap\">\n\t\t\t\t\t\t\t\t<\/div>\n\t\t\t\t\t<\/div>\n\t\t<\/div>\n\t\t\t\t<div class=\"elementor-column elementor-col-33 elementor-inner-column elementor-element elementor-element-d0cbcfe\" data-id=\"d0cbcfe\" data-element_type=\"column\">\n\t\t\t<div class=\"elementor-column-wrap elementor-element-populated\">\n\t\t\t\t\t\t\t<div class=\"elementor-widget-wrap\">\n\t\t\t\t\t\t<div class=\"elementor-element elementor-element-d5892a3 elementor-widget elementor-widget-text-editor\" data-id=\"d5892a3\" data-element_type=\"widget\" data-widget_type=\"text-editor.default\">\n\t\t\t\t<div class=\"elementor-widget-container\">\n\t\t\t\t\t\t\t\t<div class=\"elementor-text-editor elementor-clearfix\">\n\t\t\t\t<ol><li style=\"text-align: left;\"><strong><span class=\"has-inline-color\"><span style=\"color: #9eb712;\">Demandes d&rsquo;actes :<\/span><\/span><\/strong><br \/><span style=\"color: #333333;\">Vous pouvez demander un extrait ou une copie int\u00e9grale d&rsquo;\u00e9tat civil en indiquant vos nom, pr\u00e9nom, date de naissance, noms et pr\u00e9noms des parents ainsi que votre adresse, soit par courrier en joignant une enveloppe timbr\u00e9e, soit par courriel :<\/span> <br \/><strong><a href=\"http:\/\/la-motte-tilly.lobs.pro\/wordpress\/index.php\/formulaire-de-contact\/\"><span style=\"color: #9eb712;\">Cliquer pour nous envoyer un message <\/span><\/a><br \/><\/strong><img class=\"wp-image-4809\" src=\"http:\/\/la-motte-tilly.lobs.pro\/wordpress\/wp-content\/uploads\/2020\/06\/LigneVerte-1.png\" alt=\"\" \/><\/li><li><span class=\"has-inline-color\"><strong>Passeport biom\u00e9trique et Carte Nationale d&rsquo;Identit\u00e9<\/strong> :<\/span><br \/><span style=\"color: #333333;\">Pour toute demande, prendre <strong><em>rendez-vous<\/em><\/strong> avec le service d&rsquo;\u00e9tat civil de la mairie de Nogent-sur-Seine apr\u00e8s avoir rassembl\u00e9 toutes les pi\u00e8ces n\u00e9cessaires.<\/span><p><strong>Demande de Passeport ou de CNI<\/strong><br \/><span style=\"color: #333333;\">Liste des pi\u00e8ces n\u00e9cessaires :<\/span><\/p><ol><\/ol><ul><li><span style=\"color: #333333;\">1 photo d&rsquo;identit\u00e9 de moins de 6 mois et ressemblante<\/span><\/li><\/ul><ol><\/ol><ul><li>\u00a0<a rel=\"noreferrer noopener\" href=\"https:\/\/passeport.ants.gouv.fr\/Vos-demarches\/Pieces-justificatives\/Pieces-justificatives-de-domicile\" target=\"_blank\"><u><span style=\"color: #9eb712;\">Justificatif de domicile de moins d&rsquo;un an<\/span><\/u><\/a><\/li><\/ul><ul><li><span style=\"color: #333333;\">\u00a0Vous n&rsquo;avez pas \u00e0 fournir votre acte de naissance<\/span><\/li><\/ul><p><b><a rel=\"noreferrer noopener\" href=\"https:\/\/passeport.ants.gouv.fr\/\" target=\"_blank\"><span style=\"color: #9eb712;\">Site de demande en ligne<\/span><\/a><br \/><\/b><img class=\"wp-image-4809\" src=\"http:\/\/la-motte-tilly.lobs.pro\/wordpress\/wp-content\/uploads\/2020\/06\/LigneVerte-1.png\" alt=\"\" \/><\/p><\/li><li><span class=\"has-inline-color\"><strong>Mariage<\/strong> : <\/span><p><b>Chacun des futurs \u00e9poux doit fournir les pi\u00e8ces suivantes :<\/b><\/p><ul><li><span style=\"color: #333333;\">Original et photocopie de la pi\u00e8ce d&rsquo;identit\u00e9<\/span><\/li><\/ul><ul><li><span style=\"color: #333333;\">Justificatif de domicile ou de r\u00e9sidence (facture d&rsquo;eau, d&rsquo;\u00e9lectricit\u00e9 ou de gaz, avis d&rsquo;imposition, justificatif de taxe d&rsquo;habitation&#8230;)<\/span><\/li><\/ul><ul><li><span style=\"color: #333333;\">Informations sur les <a href=\"https:\/\/www.service-public.fr\/particuliers\/vosdroits\/F1248\" style=\"color: #333333;\">t\u00e9moins<\/a> (noms, pr\u00e9noms, date et lieu de naissance, profession et domicile, copie de leur titre d&rsquo;identit\u00e9).<\/span><\/li><\/ul><ul><li><span style=\"color: #333333;\">Si le service qui d\u00e9tient l&rsquo;acte est fran\u00e7ais, v\u00e9rifier si<\/span> <span style=\"color: #9eb712;\"><a rel=\"noreferrer noopener\" target=\"_blank\" href=\"https:\/\/ants.gouv.fr\/Les-solutions\/COMEDEC\/Villes-adherentes-a-la-dematerialisation\" style=\"color: #9eb712;\">l&rsquo;\u00e9tat civil du lieu de naissance est d\u00e9mat\u00e9rialis\u00e9<\/a> .<\/span><\/li><\/ul><p><strong>Si ce n&rsquo;est pas le cas, il faut fournir un <a href=\"https:\/\/www.service-public.fr\/particuliers\/vosdroits\/F1427\"><span style=\"color: #9eb712;\">acte de naissance<\/span><\/a> (copie int\u00e9grale ou extrait avec filiation) de moins de 3 mois.<\/strong><\/p><ul><li><span style=\"color: #333333;\">Si le service qui d\u00e9livre l&rsquo;acte est \u00e9tranger, fournir un acte de naissance de 6 mois maximum. (il n&rsquo;y a pas de condition de d\u00e9lai si le syst\u00e8me du pays ne pr\u00e9voit pas la mise \u00e0 jour des actes).<\/span><\/li><\/ul><ul><li><span style=\"color: #333333;\">Si l&rsquo;un des futurs \u00e9poux est sous tutelle ou curatelle, il faut fournir le justificatif de l&rsquo;information de la personne charg\u00e9e de la mesure de protection.<\/span><\/li><\/ul><p><strong>\u00c0 savoir :\u00a0<\/strong><span class=\"has-inline-color\" style=\"color: #333333;\">le point de d\u00e9part du d\u00e9lai de validit\u00e9 de l&rsquo;acte de naissance est appr\u00e9ci\u00e9 au jour du d\u00e9p\u00f4t du dossier du mariage, et non au jour de sa c\u00e9l\u00e9bration. Toutefois, si avant la c\u00e9l\u00e9bration du mariage, l&rsquo;\u00e9tat civil d&rsquo;un des futurs \u00e9poux a \u00e9t\u00e9 modifi\u00e9, celui-ci doit remettre une copie de son acte mis \u00e0 jour \u00e0 l&rsquo;officier de l&rsquo;\u00e9tat civil charg\u00e9 de c\u00e9l\u00e9brer le mariage.<\/span><\/p><p><b>Suivant les cas, d&rsquo;autres pi\u00e8ces peuvent \u00eatre demand\u00e9es\u00a0:<\/b><\/p><ul><li><span style=\"color: #333333;\">S&rsquo;il est \u00e9tranger, le futur \u00e9poux doit fournir des documents sp\u00e9cifiques \u00e0 sa nationalit\u00e9 (se renseigner \u00e0 la mairie ou au consulat). Il est possible de produire un extrait d&rsquo;acte de naissance plurilingue.<\/span><\/li><\/ul><ul><li><span style=\"color: #333333;\">Si un <a href=\"https:\/\/www.service-public.fr\/particuliers\/vosdroits\/F948\" style=\"color: #333333;\">contrat de mariage<\/a> est conclu, il faut fournir le certificat de notaire.<\/span><\/li><\/ul><ul><li><span style=\"color: #333333;\">Si les \u00e9poux ont eu des enfants avant le mariage, le livret de famille sera mis \u00e0 jour avec l&rsquo;acte de mariage.<\/span><\/li><\/ul><ul><li><span style=\"color: #333333;\">Dans certaines situations familiales particuli\u00e8res (veuvage ou divorce, par exemple).<\/span><\/li><\/ul><p><img class=\"wp-image-4809\" src=\"http:\/\/la-motte-tilly.lobs.pro\/wordpress\/wp-content\/uploads\/2020\/06\/LigneVerte-1.png\" alt=\"\" \/><\/p><\/li><li><span class=\"has-inline-color\"><strong>Recensement<\/strong> :<\/span><br \/><span style=\"color: #333333;\">L\u2019\u00e2ge du recensement militaire est fix\u00e9 \u00e0 16 ans.<\/span><br \/><span style=\"color: #333333;\">Les Fran\u00e7ais (filles ou gar\u00e7ons) sont tenus de se faire recenser<\/span> <b>\u00e0 partir du mois o\u00f9 ils atteignent l\u2019\u00e2ge de 16 ans.<\/b><p><em>INSTRUCTION N\u00b0 10000<\/em><em>\/<\/em><em>DEF\/DSN\/DCSN.EMPL\/BCR\/R1 DU 30 JUIN 1998 RELATIVE AU RECENSEMENT MILITAIRE.<\/em><\/p><p><span style=\"color: #9eb712;\"><em><strong><a rel=\"noreferrer noopener\" href=\"http:\/\/la-motte-tilly.lobs.pro\/wordpress\/wp-content\/uploads\/2020\/06\/RECENSEMENTpiecesJustif.pdf\" target=\"_blank\" style=\"color: #9eb712;\"> Notice individuelle<\/a><\/strong><\/em><\/span> <span style=\"color: #333333;\">\u00e0 demander en Mairie.<\/span> <br \/><img class=\"wp-image-4809\" src=\"http:\/\/la-motte-tilly.lobs.pro\/wordpress\/wp-content\/uploads\/2020\/06\/LigneVerte-1.png\" alt=\"\" \/><\/p><\/li><li><span class=\"has-inline-color\"><strong>Cimeti\u00e8re <\/strong>: <\/span><br \/><a rel=\"noreferrer noopener\" href=\"http:\/\/la-motte-tilly.lobs.pro\/wordpress\/wp-content\/uploads\/2020\/06\/ReglementCimetiere.pdf\" target=\"_blank\"><span style=\"color: #9eb712;\">R\u00e8glement <\/span><span style=\"color: #333333;\"><em>(cliquez )<\/em><\/span><\/a><\/li><li><span class=\"has-inline-color\"><strong>Columbarium<\/strong> :<\/span> <br \/><a href=\"http:\/\/la-motte-tilly.lobs.pro\/wordpress\/wp-content\/uploads\/2020\/06\/ReglementColumbarium.pdf\" target=\"_blank\" rel=\"noreferrer noopener\"><span style=\"color: #9eb712;\">R\u00e8glement<span style=\"color: #333333;\"> (cliquez)<\/span><\/span><\/a><\/li><\/ol>\t\t\t\t\t<\/div>\n\t\t\t\t\t\t<\/div>\n\t\t\t\t<\/div>\n\t\t\t\t\t\t<\/div>\n\t\t\t\t\t<\/div>\n\t\t<\/div>\n\t\t\t\t\t\t\t\t<\/div>\n\t\t\t\t\t<\/div>\n\t\t<\/section>\n\t\t\t\t<section class=\"elementor-section elementor-inner-section elementor-element elementor-element-21eb8e7 elementor-section-boxed elementor-section-height-default elementor-section-height-default\" data-id=\"21eb8e7\" data-element_type=\"section\">\n\t\t\t\t\t\t<div class=\"elementor-container elementor-column-gap-default\">\n\t\t\t\t\t\t\t<div class=\"elementor-row\">\n\t\t\t\t\t<div class=\"elementor-column elementor-col-100 elementor-inner-column elementor-element elementor-element-78cb811\" data-id=\"78cb811\" data-element_type=\"column\">\n\t\t\t<div class=\"elementor-column-wrap\">\n\t\t\t\t\t\t\t<div class=\"elementor-widget-wrap\">\n\t\t\t\t\t\t\t\t<\/div>\n\t\t\t\t\t<\/div>\n\t\t<\/div>\n\t\t\t\t\t\t\t\t<\/div>\n\t\t\t\t\t<\/div>\n\t\t<\/section>\n\t\t\t\t\t\t<\/div>\n\t\t\t\t\t<\/div>\n\t\t<\/div>\n\t\t\t\t\t\t\t\t<\/div>\n\t\t\t\t\t<\/div>\n\t\t<\/section>\n\t\t\t\t\t\t<\/div>\n\t\t\t\t\t\t<\/div>\n\t\t\t\t\t<\/div>\n\t\t","protected":false},"excerpt":{"rendered":"<p>\u00c9tat civil Demandes d&rsquo;actes : Vous pouvez demander un extrait ou une copie int\u00e9grale d&rsquo;\u00e9tat civil en indiquant vos nom, pr\u00e9nom, date de naissance, noms et pr\u00e9noms des parents ainsi que votre adresse, soit par courrier en joignant une enveloppe timbr\u00e9e, soit par courriel : Cliquer pour nous envoyer un [&hellip;]<\/p>\n","protected":false},"author":3,"featured_media":6036,"parent":0,"menu_order":0,"comment_status":"closed","ping_status":"closed","template":"page-templates\/template-fullwidth.php","meta":[],"_links":{"self":[{"href":"https:\/\/www.lamottetilly.fr\/wordpress\/index.php\/wp-json\/wp\/v2\/pages\/4357"}],"collection":[{"href":"https:\/\/www.lamottetilly.fr\/wordpress\/index.php\/wp-json\/wp\/v2\/pages"}],"about":[{"href":"https:\/\/www.lamottetilly.fr\/wordpress\/index.php\/wp-json\/wp\/v2\/types\/page"}],"author":[{"embeddable":true,"href":"https:\/\/www.lamottetilly.fr\/wordpress\/index.php\/wp-json\/wp\/v2\/users\/3"}],"replies":[{"embeddable":true,"href":"https:\/\/www.lamottetilly.fr\/wordpress\/index.php\/wp-json\/wp\/v2\/comments?post=4357"}],"version-history":[{"count":94,"href":"https:\/\/www.lamottetilly.fr\/wordpress\/index.php\/wp-json\/wp\/v2\/pages\/4357\/revisions"}],"predecessor-version":[{"id":10934,"href":"https:\/\/www.lamottetilly.fr\/wordpress\/index.php\/wp-json\/wp\/v2\/pages\/4357\/revisions\/10934"}],"wp:featuredmedia":[{"embeddable":true,"href":"https:\/\/www.lamottetilly.fr\/wordpress\/index.php\/wp-json\/wp\/v2\/media\/6036"}],"wp:attachment":[{"href":"https:\/\/www.lamottetilly.fr\/wordpress\/index.php\/wp-json\/wp\/v2\/media?parent=4357"}],"curies":[{"name":"wp","href":"https:\/\/api.w.org\/{rel}","templated":true}]}}